{"id":2062,"date":"2020-08-15T19:58:24","date_gmt":"2020-08-15T19:58:24","guid":{"rendered":"http:\/\/www.nutricion.edu.uy\/?page_id=2062"},"modified":"2025-06-23T15:51:02","modified_gmt":"2025-06-23T18:51:02","slug":"tecnico-operador-de-alimentos-2","status":"publish","type":"page","link":"https:\/\/www.nutricion.edu.uy\/?page_id=2062","title":{"rendered":"T\u00e9cnico Operador de Alimentos"},"content":{"rendered":"<div id=\"pl-2062\"  class=\"panel-layout\" ><div id=\"pg-2062-0\"  class=\"panel-grid panel-no-style\" ><div id=\"pgc-2062-0-0\"  class=\"panel-grid-cell\" ><div id=\"panel-2062-0-0-0\" class=\"so-panel widget widget_text panel-first-child\" data-index=\"0\" >\t\t\t<div class=\"textwidget\"><p>La carrera T\u00e9cnico Operador de Alimentos brinda conocimientos para prestar atenci\u00f3n alimentaria a usuarios y clientes en cuanto a procedimientos b\u00e1sicos en la producci\u00f3n de alimentos y al servicio y venta de alimentos y productos, operando con buenas pr\u00e1cticas los procesos de recepci\u00f3n, almacenamiento, producci\u00f3n, distribuci\u00f3n y servicio, de forma de preservar su calidad nutricional, higi\u00e9nico-sanitaria y sensorial.<\/p>\n<p>Por m\u00e1s informaci\u00f3n visita la web de <a href=\"https:\/\/www.tacuarembo.udelar.edu.uy\/tecnico-operador-de-alimentos\/\">CENUR NOROESTE- TOA<\/a><\/p>\n<\/div>\n\t\t<\/div><div id=\"panel-2062-0-0-1\" class=\"so-panel widget widget_media_video\" data-index=\"1\" ><h3 class=\"widget-title\">Historia de la TOA.<\/h3><div style=\"width:100%;\" class=\"wp-video\"><video class=\"wp-video-shortcode\" id=\"video-2062-1\" preload=\"metadata\" controls=\"controls\"><source type=\"video\/youtube\" src=\"https:\/\/www.youtube.com\/watch?v=ApnreSSPQjE&#038;_=1\" \/><a href=\"https:\/\/www.youtube.com\/watch?v=ApnreSSPQjE\">https:\/\/www.youtube.com\/watch?v=ApnreSSPQjE<\/a><\/video><\/div><\/div><div id=\"panel-2062-0-0-2\" class=\"so-panel widget widget_siteorigin-panels-builder\" data-index=\"2\" ><div id=\"pl-w681907dea336c\"  class=\"panel-layout\" ><div id=\"pg-w681907dea336c-0\"  class=\"panel-grid panel-no-style\" ><div id=\"pgc-w681907dea336c-0-0\"  class=\"panel-grid-cell\" ><div id=\"panel-w681907dea336c-0-0-0\" class=\"so-panel widget widget_sow-tabs panel-first-child panel-last-child\" data-index=\"0\" ><div\n\t\t\t\n\t\t\tclass=\"so-widget-sow-tabs so-widget-sow-tabs-default-2a322c0cca2d\"\n\t\t\t\n\t\t><div class=\"sow-tabs\">\n\t<div class=\"sow-tabs-tab-container\" role=\"tablist\">\n\t\t\t<div\n\t\t\tclass=\"sow-tabs-tab\n\t\t\t\t\t\t\"\n\t\t\trole=\"tab\"\n\t\t\tdata-anchor-id=\"plan-de-estudios\"\n\t\t\taria-selected=\"false\"\n\t\t\ttabindex=\"0\"\n\t\t>\n\t\t\t<div class=\"sow-tabs-title sow-tabs-title-icon-left\">\n\t\t\t\t\t\t\t\tPlan de estudios\t\t\t\t\t\t\t<\/div>\n\t\t<\/div>\n\t\t\t<div\n\t\t\tclass=\"sow-tabs-tab\n\t\t\t\t\t\t\"\n\t\t\trole=\"tab\"\n\t\t\tdata-anchor-id=\"reglamento\"\n\t\t\taria-selected=\"false\"\n\t\t\ttabindex=\"0\"\n\t\t>\n\t\t\t<div class=\"sow-tabs-title sow-tabs-title-icon-left\">\n\t\t\t\t\t\t\t\tReglamento\t\t\t\t\t\t\t<\/div>\n\t\t<\/div>\n\t\t\t<div\n\t\t\tclass=\"sow-tabs-tab\n\t\t\t\t\t\t\"\n\t\t\trole=\"tab\"\n\t\t\tdata-anchor-id=\"programa-1er-ano\"\n\t\t\taria-selected=\"false\"\n\t\t\ttabindex=\"0\"\n\t\t>\n\t\t\t<div class=\"sow-tabs-title sow-tabs-title-icon-left\">\n\t\t\t\t\t\t\t\tPrograma 1er a\u00f1o\t\t\t\t\t\t\t<\/div>\n\t\t<\/div>\n\t\t\t<div\n\t\t\tclass=\"sow-tabs-tab\n\t\t\t sow-tabs-tab-selected\t\t\t\"\n\t\t\trole=\"tab\"\n\t\t\tdata-anchor-id=\"programa-2do-ano\"\n\t\t\taria-selected=\"true\"\n\t\t\ttabindex=\"0\"\n\t\t>\n\t\t\t<div class=\"sow-tabs-title sow-tabs-title-icon-left\">\n\t\t\t\t\t\t\t\tPrograma 2do a\u00f1o\t\t\t\t\t\t\t<\/div>\n\t\t<\/div>\n\t\t<\/div>\n\n\t<div class=\"sow-tabs-panel-container\">\n\t\t\t<div class=\"sow-tabs-panel\">\n\t\t\t<div\n\t\t\t\tclass=\"sow-tabs-panel-content\"\n\t\t\t\trole=\"tabpanel\"\n\t\t\t\taria-hidden=\"true\"\n\t\t\t>\n\t\t\t\t<p><a href=\"https:\/\/www.nutricion.edu.uy\/wp-content\/uploads\/2024\/02\/TOA_Plan-estudios_ULTIMO_mayo-2023.pdf\" class=\"pdfemb-viewer\" style=\"\" data-width=\"max\" data-height=\"max\" data-toolbar=\"bottom\" data-toolbar-fixed=\"off\">TOA_Plan estudios_\u00daLTIMO_mayo 2023<\/a><\/p>\n\t\t\t<\/div>\n\t\t<\/div>\n\t\t\t<div class=\"sow-tabs-panel\">\n\t\t\t<div\n\t\t\t\tclass=\"sow-tabs-panel-content\"\n\t\t\t\trole=\"tabpanel\"\n\t\t\t\taria-hidden=\"true\"\n\t\t\t>\n\t\t\t\t<p><a href=\"https:\/\/www.nutricion.edu.uy\/wp-content\/uploads\/2024\/12\/FINAL-Reglamento-TOA_modificaciones-por-nueva-escala_nov.-2024.pdf\" class=\"pdfemb-viewer\" style=\"\" data-width=\"max\" data-height=\"max\" data-toolbar=\"bottom\" data-toolbar-fixed=\"off\">FINAL Reglamento TOA_modificaciones por nueva escala_nov. 2024<\/a><\/p>\n\t\t\t<\/div>\n\t\t<\/div>\n\t\t\t<div class=\"sow-tabs-panel\">\n\t\t\t<div\n\t\t\t\tclass=\"sow-tabs-panel-content\"\n\t\t\t\trole=\"tabpanel\"\n\t\t\t\taria-hidden=\"true\"\n\t\t\t>\n\t\t\t\t<p><a href=\"https:\/\/www.nutricion.edu.uy\/wp-content\/uploads\/2025\/05\/1_Programa-TOA_Cursos-Primer-ano-2025.pdf\" class=\"pdfemb-viewer\" style=\"\" data-width=\"max\" data-height=\"max\" data-toolbar=\"bottom\" data-toolbar-fixed=\"off\">1_Programa-TOA_Cursos-Primer-ano-2025<\/a><\/p>\n<p>&nbsp;<\/p>\n\t\t\t<\/div>\n\t\t<\/div>\n\t\t\t<div class=\"sow-tabs-panel\">\n\t\t\t<div\n\t\t\t\tclass=\"sow-tabs-panel-content\"\n\t\t\t\trole=\"tabpanel\"\n\t\t\t\taria-hidden=\"false\"\n\t\t\t>\n\t\t\t\t<p><a href=\"https:\/\/www.nutricion.edu.uy\/wp-content\/uploads\/2025\/05\/2_Programa-TOA_Cursos-Segundo-ano-2025.pdf\" class=\"pdfemb-viewer\" style=\"\" data-width=\"max\" data-height=\"max\" data-toolbar=\"bottom\" data-toolbar-fixed=\"off\">2_Programa-TOA_Cursos-Segundo-ano-2025<\/a><\/p>\n\t\t\t<\/div>\n\t\t<\/div>\n\t\t<\/div>\n<\/div>\n<\/div><\/div><\/div><\/div><\/div><\/div><div id=\"panel-2062-0-0-3\" class=\"so-panel widget widget_education_base_posts_col\" data-index=\"3\" >            <section id=\"education_base_posts_col-5\" class=\"acme-widgets acme-col-posts gray-bg\">\n                <div class=\"container\">\n                    <div class=\"main-title init-animate slideInUp1\"><h3 class=\"widget-title\">Noticias<\/h3><\/div>                    <div class=\"row\">\n                                                        <div class=\" col-sm-12 col-md-4\">\n                                    <div class=\"blog-item-wrapper init-animate slideInUp1\">\n                                        <article id=\"post-14727\" class=\"init-animate slideInUp1 post-14727 post type-post status-publish format-standard has-post-thumbnail hentry category-administracion category-destacada category-extension category-inicio\">\n    <div class=\"content-wrapper\">\n                    <!--post thumbnal options-->\n            <div class=\"post-thumb\">\n                <a href=\"https:\/\/www.nutricion.edu.uy\/?p=14727\">\n                    <img fetchpriority=\"high\" decoding=\"async\" width=\"639\" height=\"330\" src=\"https:\/\/www.nutricion.edu.uy\/wp-content\/uploads\/2026\/03\/portada-alime-esco-sostenible-v2.png\" class=\"attachment-large size-large wp-post-image\" alt=\"\" srcset=\"https:\/\/www.nutricion.edu.uy\/wp-content\/uploads\/2026\/03\/portada-alime-esco-sostenible-v2.png 639w, https:\/\/www.nutricion.edu.uy\/wp-content\/uploads\/2026\/03\/portada-alime-esco-sostenible-v2-300x155.png 300w\" sizes=\"(max-width: 639px) 100vw, 639px\" \/>                <\/a>\n            <\/div><!-- .post-thumb-->\n                    <div class=\"entry-content\">\n            <div class=\"entry-header-title\">\n                <h2 class=\"entry-title\"><a href=\"https:\/\/www.nutricion.edu.uy\/?p=14727\" rel=\"bookmark\">Convocatoria estudiantil Proyecto Alimentaci\u00f3n escolar sostenible<\/a><\/h2>            <\/div>\n            <footer class=\"entry-footer\">\n                            <\/footer><!-- .entry-footer -->\n            <div class=\"entry-content\">Invitamos a estudiantes de distintos niveles de la Licenciatura a participar de este Proyecto que realizar\u00e1 distintas actividades de capacitaci\u00f3n para prevenir el desperdicio alimentario en las escuelas p\u00fablicas de...<\/div>                <a class=\"btn btn-primary\" href=\"https:\/\/www.nutricion.edu.uy\/?p=14727 \">\n                    Leer m\u00e1s                <\/a>\n                        <\/div><!-- .entry-content -->\n    <\/div>\n<\/article><!-- #post-## -->                                    <\/div>\n                                <\/div>\n                                                                <div class=\" col-sm-12 col-md-4\">\n                                    <div class=\"blog-item-wrapper init-animate slideInUp1\">\n                                        <article id=\"post-14191\" class=\"init-animate slideInUp1 post-14191 post type-post status-publish format-standard has-post-thumbnail hentry category-administracion category-destacada category-inicio\">\n    <div class=\"content-wrapper\">\n                    <!--post thumbnal options-->\n            <div class=\"post-thumb\">\n                <a href=\"https:\/\/www.nutricion.edu.uy\/?p=14191\">\n                    <img decoding=\"async\" width=\"639\" height=\"330\" src=\"https:\/\/www.nutricion.edu.uy\/wp-content\/uploads\/2025\/09\/portada-recetario-.jpg\" class=\"attachment-large size-large wp-post-image\" alt=\"\" srcset=\"https:\/\/www.nutricion.edu.uy\/wp-content\/uploads\/2025\/09\/portada-recetario-.jpg 639w, https:\/\/www.nutricion.edu.uy\/wp-content\/uploads\/2025\/09\/portada-recetario--300x155.jpg 300w\" sizes=\"(max-width: 639px) 100vw, 639px\" \/>                <\/a>\n            <\/div><!-- .post-thumb-->\n                    <div class=\"entry-content\">\n            <div class=\"entry-header-title\">\n                <h2 class=\"entry-title\"><a href=\"https:\/\/www.nutricion.edu.uy\/?p=14191\" rel=\"bookmark\">Recetario Cocina de aprovechamiento<\/a><\/h2>            <\/div>\n            <footer class=\"entry-footer\">\n                            <\/footer><!-- .entry-footer -->\n            <div class=\"entry-content\"><\/div>                <a class=\"btn btn-primary\" href=\"https:\/\/www.nutricion.edu.uy\/?p=14191 \">\n                    Leer m\u00e1s                <\/a>\n                        <\/div><!-- .entry-content -->\n    <\/div>\n<\/article><!-- #post-## -->                                    <\/div>\n                                <\/div>\n                                                                <div class=\" col-sm-12 col-md-4\">\n                                    <div class=\"blog-item-wrapper init-animate slideInUp1\">\n                                        <article id=\"post-8069\" class=\"init-animate slideInUp1 post-8069 post type-post status-publish format-standard has-post-thumbnail hentry category-administracion category-destacada category-sin-categoria\">\n    <div class=\"content-wrapper\">\n                    <!--post thumbnal options-->\n            <div class=\"post-thumb\">\n                <a href=\"https:\/\/www.nutricion.edu.uy\/?p=8069\">\n                    <img decoding=\"async\" width=\"640\" height=\"372\" src=\"https:\/\/www.nutricion.edu.uy\/wp-content\/uploads\/2022\/03\/Captura-de-Pantalla-2022-03-17-a-las-15.08.37-1024x595.png\" class=\"attachment-large size-large wp-post-image\" alt=\"\" srcset=\"https:\/\/www.nutricion.edu.uy\/wp-content\/uploads\/2022\/03\/Captura-de-Pantalla-2022-03-17-a-las-15.08.37-1024x595.png 1024w, https:\/\/www.nutricion.edu.uy\/wp-content\/uploads\/2022\/03\/Captura-de-Pantalla-2022-03-17-a-las-15.08.37-300x174.png 300w, https:\/\/www.nutricion.edu.uy\/wp-content\/uploads\/2022\/03\/Captura-de-Pantalla-2022-03-17-a-las-15.08.37-768x446.png 768w, https:\/\/www.nutricion.edu.uy\/wp-content\/uploads\/2022\/03\/Captura-de-Pantalla-2022-03-17-a-las-15.08.37.png 1464w\" sizes=\"(max-width: 640px) 100vw, 640px\" \/>                <\/a>\n            <\/div><!-- .post-thumb-->\n                    <div class=\"entry-content\">\n            <div class=\"entry-header-title\">\n                <h2 class=\"entry-title\"><a href=\"https:\/\/www.nutricion.edu.uy\/?p=8069\" rel=\"bookmark\">Conversatorio \u201cLa sustentabilidad de frutas y hortalizas. Minimizando su p\u00e9rdida y desperdicio\u201d<\/a><\/h2>            <\/div>\n            <footer class=\"entry-footer\">\n                            <\/footer><!-- .entry-footer -->\n            <div class=\"entry-content\">El Proyecto \u00abSistema alimentario sostenible\u00bb de la Escuela de Nutrici\u00f3n les invita a participar del Conversatorio \u201cLa sustentabilidad de frutas y hortalizas. Minimizando su p\u00e9rdida y desperdicio\u201d, en el marco...<\/div>                <a class=\"btn btn-primary\" href=\"https:\/\/www.nutricion.edu.uy\/?p=8069 \">\n                    Leer m\u00e1s                <\/a>\n                        <\/div><!-- .entry-content -->\n    <\/div>\n<\/article><!-- #post-## -->                                    <\/div>\n                                <\/div>\n                                <div class='clearfix'><\/div><div class='at-widget-clearfix'><\/div>                    <\/div><!--row-->\n                                    <\/div>\n            <\/section>\n            <\/div><div id=\"panel-2062-0-0-4\" class=\"so-panel widget widget_text\" data-index=\"4\" ><h3 class=\"widget-title\">Consultas sobre TOA<\/h3>\t\t\t<div class=\"textwidget\"><\/div>\n\t\t<\/div><div id=\"panel-2062-0-0-5\" class=\"so-panel widget widget_sow-contact-form\" data-index=\"5\" ><div\n\t\t\t\n\t\t\tclass=\"so-widget-sow-contact-form so-widget-sow-contact-form-default-18d99326bf8e-8069\"\n\t\t\t\n\t\t>\t<form\n\t\taction=\"\/index.php?rest_route=%2Fwp%2Fv2%2Fpages%2F2062\"\n\t\tmethod=\"POST\"\n\t\tclass=\"sow-contact-form\"\n\t\tid=\"contact-form-1a07\"\n\t>\n\n\t\t\n\t\t\t\t\t<div class=\"sow-form-field sow-form-field-name\">\n\t\t\t\t<label class=\"sow-form-field-label-above\" for=\"sow-contact-form-field-tu-nombre-1\">\n\t\t\t\t<strong>\n\t\t\t\t\tTu nombre\t\t\t\t\t\t\t\t\t<\/strong>\n\t\t\t<\/label>\n\t\t\t\t\t\t\t<div class=\"sow-field-container\">\n\t\t\t\t\t\t\t<input\n\t\t\ttype=\"text\"\n\t\t\tname=\"tu-nombre-1\"\n\t\t\tid=\"sow-contact-form-field-tu-nombre-1\"\n\t\t\tvalue=\"\"\n\t\t\tclass=\"sow-text-field\"\n\t\t\t\t\t\t\t\t\/>\n\t\t\t\t\t\t<\/div>\n\t\t\t\t\t\t\t<\/div>\n\t\t\t\t\t\t<div class=\"sow-form-field sow-form-field-email\">\n\t\t\t\t<label class=\"sow-form-field-label-above\" for=\"sow-contact-form-field-tu-correo-electronico-1\">\n\t\t\t\t<strong>\n\t\t\t\t\tTu correo electr\u00f3nico\t\t\t\t\t\t\t\t\t<\/strong>\n\t\t\t<\/label>\n\t\t\t\t\t\t\t<div class=\"sow-field-container\">\n\t\t\t\t\t\t\t<input\n\t\t\ttype=\"email\"\n\t\t\tname=\"tu-correo-electronico-1\"\n\t\t\tid=\"sow-contact-form-field-tu-correo-electronico-1\"\n\t\t\tvalue=\"\"\n\t\t\tclass=\"sow-text-field\"\t\t\t\t\t\t\t\t\/>\n\t\t\t\t\t\t<\/div>\n\t\t\t\t\t\t\t<\/div>\n\t\t\t\t\t\t<div class=\"sow-form-field sow-form-field-subject\">\n\t\t\t\t<label class=\"sow-form-field-label-above\" for=\"sow-contact-form-field-asunto-1\">\n\t\t\t\t<strong>\n\t\t\t\t\tAsunto\t\t\t\t\t\t\t\t\t<\/strong>\n\t\t\t<\/label>\n\t\t\t\t\t\t\t<div class=\"sow-field-container\">\n\t\t\t\t\t\t\t<input\n\t\t\ttype=\"text\"\n\t\t\tname=\"asunto-1\"\n\t\t\tid=\"sow-contact-form-field-asunto-1\"\n\t\t\tvalue=\"\"\n\t\t\tclass=\"sow-text-field\"\n\t\t\t\t\t\t\t\t\/>\n\t\t\t\t\t\t<\/div>\n\t\t\t\t\t\t\t<\/div>\n\t\t\t\t\t\t<div class=\"sow-form-field sow-form-field-text\">\n\t\t\t\t<label class=\"sow-form-field-label-above\" for=\"sow-contact-form-field-mensaje-1\">\n\t\t\t\t<strong>\n\t\t\t\t\tMensaje\t\t\t\t\t\t\t\t\t<\/strong>\n\t\t\t<\/label>\n\t\t\t\t\t\t\t<div class=\"sow-field-container\">\n\t\t\t\t\t\t\t<input\n\t\t\ttype=\"text\"\n\t\t\tname=\"mensaje-1\"\n\t\t\tid=\"sow-contact-form-field-mensaje-1\"\n\t\t\tvalue=\"\"\n\t\t\tclass=\"sow-text-field\"\t\t\t\t\t\t\t\t\/>\n\t\t\t\t\t\t<\/div>\n\t\t\t\t\t\t\t<\/div>\n\t\t\t\n\t\t\t\t\t<div class=\"sow-recaptcha\"\n\t\t\t\t\t\t\t\t\tdata-config=\"{&quot;sitekey&quot;:&quot;6LdqEbMUAAAAALMObLgV9oBi26x9sWpbwcR5Tjnj&quot;,&quot;theme&quot;:&quot;light&quot;,&quot;type&quot;:&quot;image&quot;,&quot;size&quot;:&quot;normal&quot;}\"\n\t\t\t\t\t\t\t><\/div>\n\t\t\t\n\t\t<div class=\"sow-submit-wrapper \n\t\tsow-submit-styled\t\t\">\n\n\t\t\t<button\n\t\t\t\ttype=\"submit\"\n\t\t\t\tclass=\"sow-submit\n\t\t\t\t\t\t\t\t\"\n\t\t\t\t\t\t\t>\n\t\t\t\tEnviar mensaje\t\t\t<\/button>\n\t\t<\/div>\n\t\t\t\t<input\n\t\t\ttype=\"hidden\"\n\t\t\tname=\"instance_hash-1\"\n\t\t\tvalue=\"1a073205\"\n\t\t\/>\n\n\t\t<input type=\"hidden\" id=\"_wpnonce\" name=\"_wpnonce\" value=\"08c6609783\" \/><input type=\"hidden\" name=\"_wp_http_referer\" value=\"\/index.php?rest_route=%2Fwp%2Fv2%2Fpages%2F2062\" \/>\t<\/form>\n\t<\/div><\/div><div id=\"panel-2062-0-0-6\" class=\"so-panel widget widget_sow-editor panel-last-child\" data-index=\"6\" ><div\n\t\t\t\n\t\t\tclass=\"so-widget-sow-editor so-widget-sow-editor-base\"\n\t\t\t\n\t\t><h3 class=\"widget-title\">INTEGRANTES<\/h3>\n<div class=\"siteorigin-widget-tinymce textwidget\">\n\t\n<table id=\"tablepress-75\" class=\"tablepress tablepress-id-75\">\n<tbody class=\"row-hover\">\n<tr class=\"row-1 odd\">\n\t<td class=\"column-1\">Coordinaci\u00f3n TOA: <\/td><td class=\"column-2\">Lic. Nut. Nicol\u00e1s Quay<\/td><td class=\"column-3\"><\/td>\n<\/tr>\n<\/tbody>\n<\/table>\n<!-- #tablepress-75 from cache -->\n<\/div>\n<\/div><\/div><\/div><\/div><\/div>","protected":false},"excerpt":{"rendered":"<p>La carrera T\u00e9cnico Operador de Alimentos brinda conocimientos para prestar atenci\u00f3n alimentaria a usuarios y clientes en cuanto a procedimientos b\u00e1sicos en la producci\u00f3n de alimentos y al servicio y venta de alimentos y productos, operando con buenas pr\u00e1cticas los procesos de recepci\u00f3n, almacenamiento, producci\u00f3n, distribuci\u00f3n y servicio, de forma de preservar su calidad nutricional,&hellip;<\/p>\n","protected":false},"author":1,"featured_media":0,"parent":0,"menu_order":0,"comment_status":"closed","ping_status":"closed","template":"","meta":{"footnotes":""},"class_list":["post-2062","page","type-page","status-publish","hentry"],"yoast_head":"<!-- This site is optimized with the Yoast SEO plugin v24.9 - https:\/\/yoast.com\/wordpress\/plugins\/seo\/ -->\n<title>T\u00e9cnico Operador de Alimentos - Escuela de Nutrici\u00f3n<\/title>\n<meta name=\"robots\" content=\"index, follow, max-snippet:-1, max-image-preview:large, max-video-preview:-1\" \/>\n<link rel=\"canonical\" href=\"https:\/\/www.nutricion.edu.uy\/?page_id=2062\" \/>\n<meta property=\"og:locale\" content=\"es_ES\" \/>\n<meta property=\"og:type\" content=\"article\" \/>\n<meta property=\"og:title\" content=\"T\u00e9cnico Operador de Alimentos - Escuela de Nutrici\u00f3n\" \/>\n<meta property=\"og:description\" content=\"La carrera T\u00e9cnico Operador de Alimentos brinda conocimientos para prestar atenci\u00f3n alimentaria a usuarios y clientes en cuanto a procedimientos b\u00e1sicos en la producci\u00f3n de alimentos y al servicio y venta de alimentos y productos, operando con buenas pr\u00e1cticas los procesos de recepci\u00f3n, almacenamiento, producci\u00f3n, distribuci\u00f3n y servicio, de forma de preservar su calidad nutricional,&hellip;\" \/>\n<meta property=\"og:url\" content=\"https:\/\/www.nutricion.edu.uy\/?page_id=2062\" \/>\n<meta property=\"og:site_name\" content=\"Escuela de Nutrici\u00f3n\" \/>\n<meta property=\"article:modified_time\" content=\"2025-06-23T18:51:02+00:00\" \/>\n<meta name=\"twitter:card\" content=\"summary_large_image\" \/>\n<meta name=\"twitter:label1\" content=\"Tiempo de lectura\" \/>\n\t<meta name=\"twitter:data1\" content=\"2 minutos\" \/>\n<script type=\"application\/ld+json\" class=\"yoast-schema-graph\">{\"@context\":\"https:\/\/schema.org\",\"@graph\":[{\"@type\":\"WebPage\",\"@id\":\"https:\/\/www.nutricion.edu.uy\/?page_id=2062\",\"url\":\"https:\/\/www.nutricion.edu.uy\/?page_id=2062\",\"name\":\"T\u00e9cnico Operador de Alimentos - Escuela de Nutrici\u00f3n\",\"isPartOf\":{\"@id\":\"https:\/\/www.nutricion.edu.uy\/#website\"},\"datePublished\":\"2020-08-15T19:58:24+00:00\",\"dateModified\":\"2025-06-23T18:51:02+00:00\",\"breadcrumb\":{\"@id\":\"https:\/\/www.nutricion.edu.uy\/?page_id=2062#breadcrumb\"},\"inLanguage\":\"es\",\"potentialAction\":[{\"@type\":\"ReadAction\",\"target\":[\"https:\/\/www.nutricion.edu.uy\/?page_id=2062\"]}]},{\"@type\":\"BreadcrumbList\",\"@id\":\"https:\/\/www.nutricion.edu.uy\/?page_id=2062#breadcrumb\",\"itemListElement\":[{\"@type\":\"ListItem\",\"position\":1,\"name\":\"Portada\",\"item\":\"https:\/\/www.nutricion.edu.uy\/\"},{\"@type\":\"ListItem\",\"position\":2,\"name\":\"T\u00e9cnico Operador de Alimentos\"}]},{\"@type\":\"WebSite\",\"@id\":\"https:\/\/www.nutricion.edu.uy\/#website\",\"url\":\"https:\/\/www.nutricion.edu.uy\/\",\"name\":\"Escuela de Nutrici\u00f3n\",\"description\":\"Universidad de la Rep\u00fablica\",\"publisher\":{\"@id\":\"https:\/\/www.nutricion.edu.uy\/#organization\"},\"potentialAction\":[{\"@type\":\"SearchAction\",\"target\":{\"@type\":\"EntryPoint\",\"urlTemplate\":\"https:\/\/www.nutricion.edu.uy\/?s={search_term_string}\"},\"query-input\":{\"@type\":\"PropertyValueSpecification\",\"valueRequired\":true,\"valueName\":\"search_term_string\"}}],\"inLanguage\":\"es\"},{\"@type\":\"Organization\",\"@id\":\"https:\/\/www.nutricion.edu.uy\/#organization\",\"name\":\"Escuela de Nutrici\u00f3n Udelar\",\"url\":\"https:\/\/www.nutricion.edu.uy\/\",\"logo\":{\"@type\":\"ImageObject\",\"inLanguage\":\"es\",\"@id\":\"https:\/\/www.nutricion.edu.uy\/#\/schema\/logo\/image\/\",\"url\":\"https:\/\/www.nutricion.edu.uy\/wp-content\/uploads\/2018\/01\/logo_escuela.png\",\"contentUrl\":\"https:\/\/www.nutricion.edu.uy\/wp-content\/uploads\/2018\/01\/logo_escuela.png\",\"width\":257,\"height\":70,\"caption\":\"Escuela de Nutrici\u00f3n Udelar\"},\"image\":{\"@id\":\"https:\/\/www.nutricion.edu.uy\/#\/schema\/logo\/image\/\"}}]}<\/script>\n<!-- \/ Yoast SEO plugin. -->","yoast_head_json":{"title":"T\u00e9cnico Operador de Alimentos - Escuela de Nutrici\u00f3n","robots":{"index":"index","follow":"follow","max-snippet":"max-snippet:-1","max-image-preview":"max-image-preview:large","max-video-preview":"max-video-preview:-1"},"canonical":"https:\/\/www.nutricion.edu.uy\/?page_id=2062","og_locale":"es_ES","og_type":"article","og_title":"T\u00e9cnico Operador de Alimentos - Escuela de Nutrici\u00f3n","og_description":"La carrera T\u00e9cnico Operador de Alimentos brinda conocimientos para prestar atenci\u00f3n alimentaria a usuarios y clientes en cuanto a procedimientos b\u00e1sicos en la producci\u00f3n de alimentos y al servicio y venta de alimentos y productos, operando con buenas pr\u00e1cticas los procesos de recepci\u00f3n, almacenamiento, producci\u00f3n, distribuci\u00f3n y servicio, de forma de preservar su calidad nutricional,&hellip;","og_url":"https:\/\/www.nutricion.edu.uy\/?page_id=2062","og_site_name":"Escuela de Nutrici\u00f3n","article_modified_time":"2025-06-23T18:51:02+00:00","twitter_card":"summary_large_image","twitter_misc":{"Tiempo de lectura":"2 minutos"},"schema":{"@context":"https:\/\/schema.org","@graph":[{"@type":"WebPage","@id":"https:\/\/www.nutricion.edu.uy\/?page_id=2062","url":"https:\/\/www.nutricion.edu.uy\/?page_id=2062","name":"T\u00e9cnico Operador de Alimentos - Escuela de Nutrici\u00f3n","isPartOf":{"@id":"https:\/\/www.nutricion.edu.uy\/#website"},"datePublished":"2020-08-15T19:58:24+00:00","dateModified":"2025-06-23T18:51:02+00:00","breadcrumb":{"@id":"https:\/\/www.nutricion.edu.uy\/?page_id=2062#breadcrumb"},"inLanguage":"es","potentialAction":[{"@type":"ReadAction","target":["https:\/\/www.nutricion.edu.uy\/?page_id=2062"]}]},{"@type":"BreadcrumbList","@id":"https:\/\/www.nutricion.edu.uy\/?page_id=2062#breadcrumb","itemListElement":[{"@type":"ListItem","position":1,"name":"Portada","item":"https:\/\/www.nutricion.edu.uy\/"},{"@type":"ListItem","position":2,"name":"T\u00e9cnico Operador de Alimentos"}]},{"@type":"WebSite","@id":"https:\/\/www.nutricion.edu.uy\/#website","url":"https:\/\/www.nutricion.edu.uy\/","name":"Escuela de Nutrici\u00f3n","description":"Universidad de la Rep\u00fablica","publisher":{"@id":"https:\/\/www.nutricion.edu.uy\/#organization"},"potentialAction":[{"@type":"SearchAction","target":{"@type":"EntryPoint","urlTemplate":"https:\/\/www.nutricion.edu.uy\/?s={search_term_string}"},"query-input":{"@type":"PropertyValueSpecification","valueRequired":true,"valueName":"search_term_string"}}],"inLanguage":"es"},{"@type":"Organization","@id":"https:\/\/www.nutricion.edu.uy\/#organization","name":"Escuela de Nutrici\u00f3n Udelar","url":"https:\/\/www.nutricion.edu.uy\/","logo":{"@type":"ImageObject","inLanguage":"es","@id":"https:\/\/www.nutricion.edu.uy\/#\/schema\/logo\/image\/","url":"https:\/\/www.nutricion.edu.uy\/wp-content\/uploads\/2018\/01\/logo_escuela.png","contentUrl":"https:\/\/www.nutricion.edu.uy\/wp-content\/uploads\/2018\/01\/logo_escuela.png","width":257,"height":70,"caption":"Escuela de Nutrici\u00f3n Udelar"},"image":{"@id":"https:\/\/www.nutricion.edu.uy\/#\/schema\/logo\/image\/"}}]}},"_links":{"self":[{"href":"https:\/\/www.nutricion.edu.uy\/index.php?rest_route=\/wp\/v2\/pages\/2062","targetHints":{"allow":["GET"]}}],"collection":[{"href":"https:\/\/www.nutricion.edu.uy\/index.php?rest_route=\/wp\/v2\/pages"}],"about":[{"href":"https:\/\/www.nutricion.edu.uy\/index.php?rest_route=\/wp\/v2\/types\/page"}],"author":[{"embeddable":true,"href":"https:\/\/www.nutricion.edu.uy\/index.php?rest_route=\/wp\/v2\/users\/1"}],"replies":[{"embeddable":true,"href":"https:\/\/www.nutricion.edu.uy\/index.php?rest_route=%2Fwp%2Fv2%2Fcomments&post=2062"}],"version-history":[{"count":35,"href":"https:\/\/www.nutricion.edu.uy\/index.php?rest_route=\/wp\/v2\/pages\/2062\/revisions"}],"predecessor-version":[{"id":13762,"href":"https:\/\/www.nutricion.edu.uy\/index.php?rest_route=\/wp\/v2\/pages\/2062\/revisions\/13762"}],"wp:attachment":[{"href":"https:\/\/www.nutricion.edu.uy\/index.php?rest_route=%2Fwp%2Fv2%2Fmedia&parent=2062"}],"curies":[{"name":"wp","href":"https:\/\/api.w.org\/{rel}","templated":true}]}}